{"id":662,"date":"2025-09-09T07:28:03","date_gmt":"2025-09-09T07:28:03","guid":{"rendered":"https:\/\/nervous-montalcini.217-154-19-132.plesk.page\/?page_id=662"},"modified":"2025-09-15T10:13:51","modified_gmt":"2025-09-15T10:13:51","slug":"labios","status":"publish","type":"page","link":"https:\/\/nervous-montalcini.217-154-19-132.plesk.page\/?page_id=662","title":{"rendered":"LABIOS"},"content":{"rendered":"\t\t<div data-elementor-type=\"wp-page\" data-elementor-id=\"662\" class=\"elementor elementor-662\" data-elementor-post-type=\"page\">\n\t\t\t\t<div class=\"elementor-element elementor-element-82b856c e-flex e-con-boxed e-con e-parent\" data-id=\"82b856c\" data-element_type=\"container\" data-settings=\"{&quot;background_background&quot;:&quot;classic&quot;}\">\n\t\t\t\t\t<div class=\"e-con-inner\">\n\t\t\t\t<div class=\"elementor-element elementor-element-5f8a7619 elementor-widget elementor-widget-text-editor\" data-id=\"5f8a7619\" data-element_type=\"widget\" data-widget_type=\"text-editor.default\">\n\t\t\t\t\t\t\t\t\t<p>Labios<\/p>\t\t\t\t\t\t\t\t<\/div>\n\t\t\t\t\t<\/div>\n\t\t\t\t<\/div>\n\t\t<div class=\"elementor-element elementor-element-1e8b610f e-flex e-con-boxed e-con e-parent\" data-id=\"1e8b610f\" data-element_type=\"container\" data-settings=\"{&quot;background_background&quot;:&quot;classic&quot;}\">\n\t\t\t\t\t<div class=\"e-con-inner\">\n\t\t\t\t<div class=\"elementor-element elementor-element-4d205c53 elementor-widget__width-initial animated-slow elementor-invisible elementor-widget elementor-widget-text-editor\" data-id=\"4d205c53\" data-element_type=\"widget\" data-settings=\"{&quot;_animation&quot;:&quot;fadeInRight&quot;}\" data-widget_type=\"text-editor.default\">\n\t\t\t\t\t\t\t\t\t<p class=\"p1\"><b>Tratamiento para labios<\/b><\/p>\t\t\t\t\t\t\t\t<\/div>\n\t\t\t\t\t<\/div>\n\t\t\t\t<\/div>\n\t\t<div class=\"elementor-element elementor-element-1885976c e-flex e-con-boxed e-con e-parent\" data-id=\"1885976c\" data-element_type=\"container\">\n\t\t\t\t\t<div class=\"e-con-inner\">\n\t\t<div class=\"elementor-element elementor-element-5511bcad e-con-full e-flex e-con e-child\" data-id=\"5511bcad\" data-element_type=\"container\">\n\t\t\t\t<div class=\"elementor-element elementor-element-17530cc3 elementor-widget elementor-widget-text-editor\" data-id=\"17530cc3\" data-element_type=\"widget\" data-widget_type=\"text-editor.default\">\n\t\t\t\t\t\t\t\t\t<p class=\"p1\">El aumento y perfilado de labios con \u00e1cido hialur\u00f3nico es uno de los tratamientos estrella de la medicina est\u00e9tica actual. Su finalidad no es solo ganar volumen, sino realzar la forma natural de los labios, equilibrar la armon\u00eda facial y devolver frescura a la sonrisa.<\/p><p class=\"p1\">Con peque\u00f1as infiltraciones de \u00e1cido hialur\u00f3nico \u2014una sustancia que nuestro propio organismo produce de manera natural\u2014 se consigue hidratar en profundidad, suavizar las arrugas alrededor de la boca y mejorar la textura de la piel. El procedimiento es m\u00ednimamente invasivo, r\u00e1pido y con resultados visibles desde la primera sesi\u00f3n.<\/p><p class=\"p1\">Adem\u00e1s, se adapta a cada persona: desde un retoque sutil para resaltar el contorno hasta un aumento m\u00e1s definido para quienes buscan mayor proyecci\u00f3n. Todo ello con la ventaja de ser un tratamiento seguro, reversible y con un aspecto muy natural.<\/p>\t\t\t\t\t\t\t\t<\/div>\n\t\t\t\t<\/div>\n\t\t<div class=\"elementor-element elementor-element-78c32816 e-con-full e-flex e-con e-child\" data-id=\"78c32816\" data-element_type=\"container\" data-settings=\"{&quot;background_background&quot;:&quot;classic&quot;}\">\n\t\t\t\t<div class=\"elementor-element elementor-element-4751b467 elementor-widget elementor-widget-text-editor\" data-id=\"4751b467\" data-element_type=\"widget\" data-widget_type=\"text-editor.default\">\n\t\t\t\t\t\t\t\t\t<p class=\"p1\">Efecto natural<\/p><p class=\"p1\">Hidrataci\u00f3n intensa<\/p><p class=\"p1\">Volumen seguro<\/p><p class=\"p1\">Rejuvenecimiento inmediato<\/p>\t\t\t\t\t\t\t\t<\/div>\n\t\t\t\t<\/div>\n\t\t\t\t\t<\/div>\n\t\t\t\t<\/div>\n\t\t<div class=\"elementor-element elementor-element-2a8e45b7 e-flex e-con-boxed e-con e-parent\" data-id=\"2a8e45b7\" data-element_type=\"container\" data-settings=\"{&quot;background_background&quot;:&quot;classic&quot;}\">\n\t\t\t\t\t<div class=\"e-con-inner\">\n\t\t<div class=\"elementor-element elementor-element-1831e3e0 e-con-full e-flex e-con e-child\" data-id=\"1831e3e0\" data-element_type=\"container\">\n\t\t\t\t<div class=\"elementor-element elementor-element-20b58f46 elementor-widget elementor-widget-text-editor\" data-id=\"20b58f46\" data-element_type=\"widget\" data-widget_type=\"text-editor.default\">\n\t\t\t\t\t\t\t\t\t<p class=\"p1\">El tratamiento de labios con \u00e1cido hialur\u00f3nico consiste en la infiltraci\u00f3n de microinyecciones de este componente biocompatible y reabsorbible, presente de forma natural en nuestro organismo. Su aplicaci\u00f3n permite realzar el volumen, perfilar el contorno, suavizar arrugas periorales y mejorar la hidrataci\u00f3n de la piel.<\/p><p class=\"p1\">Gracias a su seguridad y versatilidad, el \u00e1cido hialur\u00f3nico ofrece resultados inmediatos y personalizables, adapt\u00e1ndose a las necesidades de cada paciente. El procedimiento es r\u00e1pido, pr\u00e1cticamente indoloro y con un tiempo de recuperaci\u00f3n m\u00ednimo, lo que lo convierte en una de las t\u00e9cnicas m\u00e1s demandadas en medicina est\u00e9tica para rejuvenecer y embellecer la sonrisa.<\/p>\t\t\t\t\t\t\t\t<\/div>\n\t\t<div class=\"elementor-element elementor-element-5eb3de33 e-con-full e-flex e-con e-child\" data-id=\"5eb3de33\" data-element_type=\"container\">\n\t\t\t\t<div class=\"elementor-element elementor-element-2b535328 elementor-widget elementor-widget-button\" data-id=\"2b535328\" data-element_type=\"widget\" data-widget_type=\"button.default\">\n\t\t\t\t\t\t\t\t\t\t<a class=\"elementor-button elementor-button-link elementor-size-sm\" href=\"https:\/\/nervous-montalcini.217-154-19-132.plesk.page\/?page_id=468\">\n\t\t\t\t\t\t<span class=\"elementor-button-content-wrapper\">\n\t\t\t\t\t\t\t\t\t<span class=\"elementor-button-text\">CITA<\/span>\n\t\t\t\t\t<\/span>\n\t\t\t\t\t<\/a>\n\t\t\t\t\t\t\t\t<\/div>\n\t\t\t\t<div class=\"elementor-element elementor-element-933aea2 elementor-button-info elementor-widget elementor-widget-button\" data-id=\"933aea2\" data-element_type=\"widget\" data-widget_type=\"button.default\">\n\t\t\t\t\t\t\t\t\t\t<a class=\"elementor-button elementor-button-link elementor-size-sm\" href=\"tel:+34678105662\">\n\t\t\t\t\t\t<span class=\"elementor-button-content-wrapper\">\n\t\t\t\t\t\t\t\t\t<span class=\"elementor-button-text\">LLAMAR<\/span>\n\t\t\t\t\t<\/span>\n\t\t\t\t\t<\/a>\n\t\t\t\t\t\t\t\t<\/div>\n\t\t\t\t<\/div>\n\t\t\t\t<\/div>\n\t\t<div class=\"elementor-element elementor-element-7f2a26b e-flex e-con-boxed e-con e-child\" data-id=\"7f2a26b\" data-element_type=\"container\">\n\t\t\t\t\t<div class=\"e-con-inner\">\n\t\t\t\t<div class=\"elementor-element elementor-element-776b8bd elementor-widget elementor-widget-image\" data-id=\"776b8bd\" data-element_type=\"widget\" data-widget_type=\"image.default\">\n\t\t\t\t\t\t\t\t\t\t\t\t\t\t\t<img fetchpriority=\"high\" decoding=\"async\" width=\"870\" height=\"1305\" src=\"https:\/\/nervous-montalcini.217-154-19-132.plesk.page\/wp-content\/uploads\/2025\/09\/9f426ea6-b0ee-4439-946b-d77942deb632.jpg\" class=\"attachment-full size-full wp-image-421\" alt=\"\" srcset=\"https:\/\/nervous-montalcini.217-154-19-132.plesk.page\/wp-content\/uploads\/2025\/09\/9f426ea6-b0ee-4439-946b-d77942deb632.jpg 870w, https:\/\/nervous-montalcini.217-154-19-132.plesk.page\/wp-content\/uploads\/2025\/09\/9f426ea6-b0ee-4439-946b-d77942deb632-200x300.jpg 200w, https:\/\/nervous-montalcini.217-154-19-132.plesk.page\/wp-content\/uploads\/2025\/09\/9f426ea6-b0ee-4439-946b-d77942deb632-683x1024.jpg 683w, https:\/\/nervous-montalcini.217-154-19-132.plesk.page\/wp-content\/uploads\/2025\/09\/9f426ea6-b0ee-4439-946b-d77942deb632-768x1152.jpg 768w\" sizes=\"(max-width: 870px) 100vw, 870px\" \/>\t\t\t\t\t\t\t\t\t\t\t\t\t\t\t<\/div>\n\t\t\t\t\t<\/div>\n\t\t\t\t<\/div>\n\t\t\t\t\t<\/div>\n\t\t\t\t<\/div>\n\t\t\t\t<\/div>\n\t\t","protected":false},"excerpt":{"rendered":"<p>Labios Tratamiento para labios El aumento y perfilado de labios con \u00e1cido hialur\u00f3nico es uno de los tratamientos estrella de la medicina est\u00e9tica actual. Su finalidad no es solo ganar volumen, sino realzar la forma natural de los labios, equilibrar la armon\u00eda facial y devolver frescura a la sonrisa. Con peque\u00f1as infiltraciones de \u00e1cido hialur\u00f3nico [&hellip;]<\/p>\n","protected":false},"author":3,"featured_media":0,"parent":0,"menu_order":0,"comment_status":"closed","ping_status":"closed","template":"elementor_header_footer","meta":{"footnotes":""},"class_list":["post-662","page","type-page","status-publish","hentry"],"_links":{"self":[{"href":"https:\/\/nervous-montalcini.217-154-19-132.plesk.page\/index.php?rest_route=\/wp\/v2\/pages\/662","targetHints":{"allow":["GET"]}}],"collection":[{"href":"https:\/\/nervous-montalcini.217-154-19-132.plesk.page\/index.php?rest_route=\/wp\/v2\/pages"}],"about":[{"href":"https:\/\/nervous-montalcini.217-154-19-132.plesk.page\/index.php?rest_route=\/wp\/v2\/types\/page"}],"author":[{"embeddable":true,"href":"https:\/\/nervous-montalcini.217-154-19-132.plesk.page\/index.php?rest_route=\/wp\/v2\/users\/3"}],"replies":[{"embeddable":true,"href":"https:\/\/nervous-montalcini.217-154-19-132.plesk.page\/index.php?rest_route=%2Fwp%2Fv2%2Fcomments&post=662"}],"version-history":[{"count":107,"href":"https:\/\/nervous-montalcini.217-154-19-132.plesk.page\/index.php?rest_route=\/wp\/v2\/pages\/662\/revisions"}],"predecessor-version":[{"id":1390,"href":"https:\/\/nervous-montalcini.217-154-19-132.plesk.page\/index.php?rest_route=\/wp\/v2\/pages\/662\/revisions\/1390"}],"wp:attachment":[{"href":"https:\/\/nervous-montalcini.217-154-19-132.plesk.page\/index.php?rest_route=%2Fwp%2Fv2%2Fmedia&parent=662"}],"curies":[{"name":"wp","href":"https:\/\/api.w.org\/{rel}","templated":true}]}}