{"id":28,"date":"2025-08-29T11:12:09","date_gmt":"2025-08-29T11:12:09","guid":{"rendered":"https:\/\/nervous-montalcini.217-154-19-132.plesk.page\/?page_id=28"},"modified":"2025-09-12T08:00:43","modified_gmt":"2025-09-12T08:00:43","slug":"home","status":"publish","type":"page","link":"https:\/\/nervous-montalcini.217-154-19-132.plesk.page\/","title":{"rendered":"Home"},"content":{"rendered":"\t\t<div data-elementor-type=\"wp-post\" data-elementor-id=\"28\" class=\"elementor elementor-28\" data-elementor-post-type=\"page\">\n\t\t\t\t<div class=\"elementor-element elementor-element-f59a2e3 fondo e-con-full e-flex e-con e-parent\" data-id=\"f59a2e3\" data-element_type=\"container\" data-settings=\"{&quot;background_background&quot;:&quot;video&quot;,&quot;background_video_link&quot;:&quot;https:\\\/\\\/youtu.be\\\/2w65tIv5hEs&quot;,&quot;background_privacy_mode&quot;:&quot;yes&quot;,&quot;background_video_start&quot;:2,&quot;background_play_on_mobile&quot;:&quot;yes&quot;}\">\n\t\t<div class=\"elementor-background-video-container\" aria-hidden=\"true\">\n\t\t\t\t\t\t\t<div class=\"elementor-background-video-embed\"><\/div>\n\t\t\t\t\t\t<\/div><div class=\"elementor-element elementor-element-0ae8a7d e-con-full e-flex e-con e-child\" data-id=\"0ae8a7d\" data-element_type=\"container\" data-settings=\"{&quot;background_background&quot;:&quot;classic&quot;}\">\n\t\t\t\t<div class=\"elementor-element elementor-element-2bbccdb elementor-widget elementor-widget-text-editor\" data-id=\"2bbccdb\" data-element_type=\"widget\" data-widget_type=\"text-editor.default\">\n\t\t\t\t\t\t\t\t\t<p>Desde la naturalidad y la elegancia<\/p>\t\t\t\t\t\t\t\t<\/div>\n\t\t\t\t<div class=\"elementor-element elementor-element-2d3269e elementor-widget elementor-widget-text-editor\" data-id=\"2d3269e\" data-element_type=\"widget\" data-widget_type=\"text-editor.default\">\n\t\t\t\t\t\t\t\t\t<p>Apostamos por la mejor versi\u00f3n de ti mismo<\/p>\t\t\t\t\t\t\t\t<\/div>\n\t\t\t\t<div class=\"elementor-element elementor-element-678acc6 elementor-align-center elementor-widget elementor-widget-button\" data-id=\"678acc6\" data-element_type=\"widget\" data-widget_type=\"button.default\">\n\t\t\t\t\t\t\t\t\t\t<a class=\"elementor-button elementor-button-link elementor-size-sm\" href=\"#inicio\">\n\t\t\t\t\t\t<span class=\"elementor-button-content-wrapper\">\n\t\t\t\t\t\t<span class=\"elementor-button-icon\">\n\t\t\t\t<svg xmlns=\"http:\/\/www.w3.org\/2000\/svg\" xmlns:xlink=\"http:\/\/www.w3.org\/1999\/xlink\" id=\"Capa_1\" x=\"0px\" y=\"0px\" viewBox=\"0 0 100 100\" style=\"enable-background:new 0 0 100 100;\" xml:space=\"preserve\"><style type=\"text\/css\">\t.st0{fill:#3D3D3B;}\t.st1{fill:#FFFFFF;}<\/style><polygon class=\"st1\" points=\"50,65.46 9.48,24.94 4.68,29.74 50,75.06 95.32,29.74 90.52,24.94 \"><\/polygon><\/svg>\t\t\t<\/span>\n\t\t\t\t\t\t\t\t<\/span>\n\t\t\t\t\t<\/a>\n\t\t\t\t\t\t\t\t<\/div>\n\t\t\t\t<\/div>\n\t\t\t\t<\/div>\n\t\t<div class=\"elementor-element elementor-element-e5dbb1c e-flex e-con-boxed e-con e-parent\" data-id=\"e5dbb1c\" data-element_type=\"container\" id=\"inicio\" data-settings=\"{&quot;background_background&quot;:&quot;classic&quot;}\">\n\t\t\t\t\t<div class=\"e-con-inner\">\n\t\t\t\t<div class=\"elementor-element elementor-element-c5b881a animated-slow elementor-invisible elementor-widget elementor-widget-text-editor\" data-id=\"c5b881a\" data-element_type=\"widget\" data-settings=\"{&quot;_animation&quot;:&quot;fadeInRight&quot;}\" data-widget_type=\"text-editor.default\">\n\t\t\t\t\t\t\t\t\t<p>MEDICINA EST\u00c9TICA AVANZADA EN PAMPLONA<\/p>\t\t\t\t\t\t\t\t<\/div>\n\t\t\t\t\t<\/div>\n\t\t\t\t<\/div>\n\t\t<div class=\"elementor-element elementor-element-42a2a9e e-flex e-con-boxed e-con e-parent\" data-id=\"42a2a9e\" data-element_type=\"container\">\n\t\t\t\t\t<div class=\"e-con-inner\">\n\t\t<div class=\"elementor-element elementor-element-6a2fb53 e-con-full e-flex e-con e-child\" data-id=\"6a2fb53\" data-element_type=\"container\" data-settings=\"{&quot;background_background&quot;:&quot;classic&quot;}\">\n\t\t\t\t<div class=\"elementor-element elementor-element-55a8343 elementor-widget elementor-widget-heading\" data-id=\"55a8343\" data-element_type=\"widget\" data-widget_type=\"heading.default\">\n\t\t\t\t\t<h2 class=\"elementor-heading-title elementor-size-default\">\"Nuestra misi\u00f3n es cuidar de cada detalle para que tu experiencia en la cl\u00ednica sea un viaje de \nbienestar, belleza y autocuidado\" <br><br><span style=\"font-size: 2rem\">~ <\/span>Katty &amp; Nawel ~<\/h2>\t\t\t\t<\/div>\n\t\t\t\t<\/div>\n\t\t\t\t<div class=\"elementor-element elementor-element-a998495 elementor-widget elementor-widget-image\" data-id=\"a998495\" data-element_type=\"widget\" data-widget_type=\"image.default\">\n\t\t\t\t\t\t\t\t\t\t\t\t\t\t\t<img fetchpriority=\"high\" decoding=\"async\" width=\"1365\" height=\"2048\" src=\"https:\/\/nervous-montalcini.217-154-19-132.plesk.page\/wp-content\/uploads\/2025\/09\/equipo-46-1365x2048.webp\" class=\"attachment-2048x2048 size-2048x2048 wp-image-1126\" alt=\"\" srcset=\"https:\/\/nervous-montalcini.217-154-19-132.plesk.page\/wp-content\/uploads\/2025\/09\/equipo-46-1365x2048.webp 1365w, https:\/\/nervous-montalcini.217-154-19-132.plesk.page\/wp-content\/uploads\/2025\/09\/equipo-46-200x300.webp 200w, https:\/\/nervous-montalcini.217-154-19-132.plesk.page\/wp-content\/uploads\/2025\/09\/equipo-46-683x1024.webp 683w, https:\/\/nervous-montalcini.217-154-19-132.plesk.page\/wp-content\/uploads\/2025\/09\/equipo-46-768x1152.webp 768w, https:\/\/nervous-montalcini.217-154-19-132.plesk.page\/wp-content\/uploads\/2025\/09\/equipo-46-1024x1536.webp 1024w, https:\/\/nervous-montalcini.217-154-19-132.plesk.page\/wp-content\/uploads\/2025\/09\/equipo-46-scaled.webp 1707w\" sizes=\"(max-width: 1365px) 100vw, 1365px\" \/>\t\t\t\t\t\t\t\t\t\t\t\t\t\t\t<\/div>\n\t\t\t\t\t<\/div>\n\t\t\t\t<\/div>\n\t\t<div class=\"elementor-element elementor-element-e11a270 e-flex e-con-boxed e-con e-parent\" data-id=\"e11a270\" data-element_type=\"container\" data-settings=\"{&quot;background_background&quot;:&quot;classic&quot;}\">\n\t\t\t\t\t<div class=\"e-con-inner\">\n\t\t\t\t<div class=\"elementor-element elementor-element-42605c2 animated-slow elementor-invisible elementor-widget elementor-widget-text-editor\" data-id=\"42605c2\" data-element_type=\"widget\" data-settings=\"{&quot;_animation&quot;:&quot;fadeInRight&quot;}\" data-widget_type=\"text-editor.default\">\n\t\t\t\t\t\t\t\t\t<p>BELLEZA Y ARMON\u00cdA NATURAL QUE NACEN DE DENTRO<\/p>\t\t\t\t\t\t\t\t<\/div>\n\t\t\t\t\t<\/div>\n\t\t\t\t<\/div>\n\t\t<div class=\"elementor-element elementor-element-aa7e7e7 e-flex e-con-boxed e-con e-parent\" data-id=\"aa7e7e7\" data-element_type=\"container\" data-settings=\"{&quot;background_background&quot;:&quot;classic&quot;}\">\n\t\t\t\t\t<div class=\"e-con-inner\">\n\t\t<div class=\"elementor-element elementor-element-4b2133e e-con-full e-flex e-con e-child\" data-id=\"4b2133e\" data-element_type=\"container\">\n\t\t\t\t<div class=\"elementor-element elementor-element-8dcf5a1 elementor-widget elementor-widget-text-editor\" data-id=\"8dcf5a1\" data-element_type=\"widget\" data-widget_type=\"text-editor.default\">\n\t\t\t\t\t\t\t\t\t<p>En nuestra cl\u00ednica, creemos que la belleza m\u00e1s poderosa es la que se siente, no solo la que se ve. Esa que nace del equilibrio, de aceptarte tal y como eres y de cuidar de ti con amor.<\/p>\n<p>Nos emociona acompa\u00f1arte en ese proceso de redescubrir tu belleza natural, utilizando lo mejor de la est\u00e9tica avanzada y la medicina para que te veas bien\u2026 pero sobre todo, para que te sientas mejor. Cada tratamiento est\u00e1 pensado con sensibilidad, respeto y detalle, para resaltar lo que te hace \u00fanica. No buscamos transformar, sino reflejar lo m\u00e1s bonito que ya habita en ti: tu autenticidad.<\/p>\t\t\t\t\t\t\t\t<\/div>\n\t\t\t\t<\/div>\n\t\t\t\t\t<\/div>\n\t\t\t\t<\/div>\n\t\t<div class=\"elementor-element elementor-element-77f991f e-con-full e-flex e-con e-parent\" data-id=\"77f991f\" data-element_type=\"container\">\n\t\t\t\t<div class=\"elementor-element elementor-element-8560638 elementor-arrows-position-inside elementor-pagination-position-outside elementor-widget elementor-widget-image-carousel\" data-id=\"8560638\" data-element_type=\"widget\" data-settings=\"{&quot;slides_to_show&quot;:&quot;3&quot;,&quot;speed&quot;:300,&quot;image_spacing_custom&quot;:{&quot;unit&quot;:&quot;px&quot;,&quot;size&quot;:0,&quot;sizes&quot;:[]},&quot;navigation&quot;:&quot;both&quot;,&quot;autoplay&quot;:&quot;yes&quot;,&quot;pause_on_hover&quot;:&quot;yes&quot;,&quot;pause_on_interaction&quot;:&quot;yes&quot;,&quot;autoplay_speed&quot;:5000,&quot;infinite&quot;:&quot;yes&quot;,&quot;image_spacing_custom_tablet&quot;:{&quot;unit&quot;:&quot;px&quot;,&quot;size&quot;:&quot;&quot;,&quot;sizes&quot;:[]},&quot;image_spacing_custom_mobile&quot;:{&quot;unit&quot;:&quot;px&quot;,&quot;size&quot;:&quot;&quot;,&quot;sizes&quot;:[]}}\" data-widget_type=\"image-carousel.default\">\n\t\t\t\t\t\t\t<div class=\"elementor-image-carousel-wrapper swiper\" role=\"region\" aria-roledescription=\"carousel\" aria-label=\"Carrusel de im\u00e1genes\" dir=\"ltr\">\n\t\t\t<div class=\"elementor-image-carousel swiper-wrapper\" aria-live=\"off\">\n\t\t\t\t\t\t\t\t<div class=\"swiper-slide\" role=\"group\" aria-roledescription=\"slide\" aria-label=\"1 de 8\"><figure class=\"swiper-slide-inner\"><img decoding=\"async\" class=\"swiper-slide-image\" src=\"https:\/\/nervous-montalcini.217-154-19-132.plesk.page\/wp-content\/uploads\/2025\/09\/IMG_1879.jpg\" alt=\"Perfect Lips\" \/><figcaption class=\"elementor-image-carousel-caption\">Perfect Lips<\/figcaption><\/figure><\/div><div class=\"swiper-slide\" role=\"group\" aria-roledescription=\"slide\" aria-label=\"2 de 8\"><figure class=\"swiper-slide-inner\"><img decoding=\"async\" class=\"swiper-slide-image\" src=\"https:\/\/nervous-montalcini.217-154-19-132.plesk.page\/wp-content\/uploads\/2025\/09\/612536cb-ef42-46d8-b01a-455ab69477ad.jpg\" alt=\"Full Body\" \/><figcaption class=\"elementor-image-carousel-caption\">Full Body<\/figcaption><\/figure><\/div><div class=\"swiper-slide\" role=\"group\" aria-roledescription=\"slide\" aria-label=\"3 de 8\"><figure class=\"swiper-slide-inner\"><img decoding=\"async\" class=\"swiper-slide-image\" src=\"https:\/\/nervous-montalcini.217-154-19-132.plesk.page\/wp-content\/uploads\/2025\/09\/C3DCF40B-44EA-4981-85FC-3AA1AEBAF2A8-970-000008BE6DA6D02C.jpg\" alt=\"Full harmony\" \/><figcaption class=\"elementor-image-carousel-caption\">Full harmony<\/figcaption><\/figure><\/div><div class=\"swiper-slide\" role=\"group\" aria-roledescription=\"slide\" aria-label=\"4 de 8\"><figure class=\"swiper-slide-inner\"><img decoding=\"async\" class=\"swiper-slide-image\" src=\"https:\/\/nervous-montalcini.217-154-19-132.plesk.page\/wp-content\/uploads\/2025\/09\/IMG_2166-2048x2048.jpg\" alt=\"Skin revival\" \/><figcaption class=\"elementor-image-carousel-caption\">Skin revival<\/figcaption><\/figure><\/div><div class=\"swiper-slide\" role=\"group\" aria-roledescription=\"slide\" aria-label=\"5 de 8\"><figure class=\"swiper-slide-inner\"><img decoding=\"async\" class=\"swiper-slide-image\" src=\"https:\/\/nervous-montalcini.217-154-19-132.plesk.page\/wp-content\/uploads\/2025\/09\/IMG_2409.jpg\" alt=\"Injerto capilar\" \/><figcaption class=\"elementor-image-carousel-caption\">Injerto capilar<\/figcaption><\/figure><\/div><div class=\"swiper-slide\" role=\"group\" aria-roledescription=\"slide\" aria-label=\"6 de 8\"><figure class=\"swiper-slide-inner\"><img decoding=\"async\" class=\"swiper-slide-image\" src=\"https:\/\/nervous-montalcini.217-154-19-132.plesk.page\/wp-content\/uploads\/2025\/09\/IMG_2408.jpg\" alt=\"Apolo\" \/><figcaption class=\"elementor-image-carousel-caption\">Apolo<\/figcaption><\/figure><\/div><div class=\"swiper-slide\" role=\"group\" aria-roledescription=\"slide\" aria-label=\"7 de 8\"><figure class=\"swiper-slide-inner\"><img decoding=\"async\" class=\"swiper-slide-image\" src=\"https:\/\/nervous-montalcini.217-154-19-132.plesk.page\/wp-content\/uploads\/2025\/09\/comparison-female-face-after-rhinoplasty-on-white-2024-10-13-22-34-36-utc-2048x1336.jpg\" alt=\"Rinoplastia\" \/><figcaption class=\"elementor-image-carousel-caption\">Rinoplastia<\/figcaption><\/figure><\/div><div class=\"swiper-slide\" role=\"group\" aria-roledescription=\"slide\" aria-label=\"8 de 8\"><figure class=\"swiper-slide-inner\"><img decoding=\"async\" class=\"swiper-slide-image\" src=\"https:\/\/nervous-montalcini.217-154-19-132.plesk.page\/wp-content\/uploads\/2025\/09\/20b6afcd-97fd-419e-b5b2-0d3b06a069a3-1.jpg\" alt=\"Timeless con neuromoduladores\" \/><figcaption class=\"elementor-image-carousel-caption\">Timeless con neuromoduladores<\/figcaption><\/figure><\/div>\t\t\t<\/div>\n\t\t\t\t\t\t\t\t\t\t\t\t<div class=\"elementor-swiper-button elementor-swiper-button-prev\" role=\"button\" tabindex=\"0\">\n\t\t\t\t\t\t<svg aria-hidden=\"true\" class=\"e-font-icon-svg e-eicon-chevron-left\" viewBox=\"0 0 1000 1000\" xmlns=\"http:\/\/www.w3.org\/2000\/svg\"><path d=\"M646 125C629 125 613 133 604 142L308 442C296 454 292 471 292 487 292 504 296 521 308 533L604 854C617 867 629 875 646 875 663 875 679 871 692 858 704 846 713 829 713 812 713 796 708 779 692 767L438 487 692 225C700 217 708 204 708 187 708 171 704 154 692 142 675 129 663 125 646 125Z\"><\/path><\/svg>\t\t\t\t\t<\/div>\n\t\t\t\t\t<div class=\"elementor-swiper-button elementor-swiper-button-next\" role=\"button\" tabindex=\"0\">\n\t\t\t\t\t\t<svg aria-hidden=\"true\" class=\"e-font-icon-svg e-eicon-chevron-right\" viewBox=\"0 0 1000 1000\" xmlns=\"http:\/\/www.w3.org\/2000\/svg\"><path d=\"M696 533C708 521 713 504 713 487 713 471 708 454 696 446L400 146C388 133 375 125 354 125 338 125 325 129 313 142 300 154 292 171 292 187 292 204 296 221 308 233L563 492 304 771C292 783 288 800 288 817 288 833 296 850 308 863 321 871 338 875 354 875 371 875 388 867 400 854L696 533Z\"><\/path><\/svg>\t\t\t\t\t<\/div>\n\t\t\t\t\n\t\t\t\t\t\t\t\t\t<div class=\"swiper-pagination\"><\/div>\n\t\t\t\t\t\t\t\t\t<\/div>\n\t\t\t\t\t\t<\/div>\n\t\t\t\t<\/div>\n\t\t<div class=\"elementor-element elementor-element-c25fe8e e-flex e-con-boxed e-con e-parent\" data-id=\"c25fe8e\" data-element_type=\"container\" data-settings=\"{&quot;background_background&quot;:&quot;classic&quot;}\">\n\t\t\t\t\t<div class=\"e-con-inner\">\n\t\t<div class=\"elementor-element elementor-element-996cd0d e-con-full e-flex e-con e-child\" data-id=\"996cd0d\" data-element_type=\"container\">\n\t\t\t\t<div class=\"elementor-element elementor-element-334453f elementor-widget__width-initial elementor-widget elementor-widget-image\" data-id=\"334453f\" data-element_type=\"widget\" data-widget_type=\"image.default\">\n\t\t\t\t\t\t\t\t\t\t\t\t\t\t\t<img decoding=\"async\" width=\"901\" height=\"1351\" src=\"https:\/\/nervous-montalcini.217-154-19-132.plesk.page\/wp-content\/uploads\/2025\/09\/b32328c5-7a69-4073-a483-c62f595d972c.jpg\" class=\"attachment-2048x2048 size-2048x2048 wp-image-369\" alt=\"\" srcset=\"https:\/\/nervous-montalcini.217-154-19-132.plesk.page\/wp-content\/uploads\/2025\/09\/b32328c5-7a69-4073-a483-c62f595d972c.jpg 901w, https:\/\/nervous-montalcini.217-154-19-132.plesk.page\/wp-content\/uploads\/2025\/09\/b32328c5-7a69-4073-a483-c62f595d972c-200x300.jpg 200w, https:\/\/nervous-montalcini.217-154-19-132.plesk.page\/wp-content\/uploads\/2025\/09\/b32328c5-7a69-4073-a483-c62f595d972c-683x1024.jpg 683w, https:\/\/nervous-montalcini.217-154-19-132.plesk.page\/wp-content\/uploads\/2025\/09\/b32328c5-7a69-4073-a483-c62f595d972c-768x1152.jpg 768w\" sizes=\"(max-width: 901px) 100vw, 901px\" \/>\t\t\t\t\t\t\t\t\t\t\t\t\t\t\t<\/div>\n\t\t\t\t<\/div>\n\t\t<div class=\"elementor-element elementor-element-34cd98d e-con-full e-flex e-con e-child\" data-id=\"34cd98d\" data-element_type=\"container\">\n\t\t\t\t<div class=\"elementor-element elementor-element-2d509cd elementor-widget elementor-widget-text-editor\" data-id=\"2d509cd\" data-element_type=\"widget\" data-widget_type=\"text-editor.default\">\n\t\t\t\t\t\t\t\t\t<p class=\"p1\">La Dra. Katty es m\u00e9dica con formaci\u00f3n en medicina est\u00e9tica, medicina familiar y dermatolog\u00eda est\u00e9tica. A lo largo de su trayectoria ha continuado ampliando sus estudios para poder ofrecer a cada paciente un abordaje integral, seguro y adaptado a sus necesidades.<\/p><p class=\"p1\">Su forma de trabajar se caracteriza por la cercan\u00eda y la atenci\u00f3n al detalle. Para ella, cada tratamiento es una oportunidad de acompa\u00f1ar a las personas en el cuidado de su imagen y su bienestar, siempre con el objetivo de realzar la belleza natural sin perder la esencia de cada uno.<\/p><p class=\"p1\">En consulta transmite confianza y empat\u00eda, creando un espacio en el que los pacientes se sienten escuchados y comprendidos. Gracias a su experiencia y a su compromiso con la actualizaci\u00f3n constante, la Dra. Katty combina t\u00e9cnicas innovadoras con un trato humano, logrando resultados naturales que generan seguridad y satisfacci\u00f3n.<\/p>\t\t\t\t\t\t\t\t<\/div>\n\t\t\t\t<\/div>\n\t\t\t\t\t<\/div>\n\t\t\t\t<\/div>\n\t\t<div class=\"elementor-element elementor-element-8929571 e-flex e-con-boxed e-con e-parent\" data-id=\"8929571\" data-element_type=\"container\" data-settings=\"{&quot;background_background&quot;:&quot;classic&quot;}\">\n\t\t\t\t\t<div class=\"e-con-inner\">\n\t\t<div class=\"elementor-element elementor-element-b495cac e-con-full e-flex e-con e-child\" data-id=\"b495cac\" data-element_type=\"container\">\n\t\t\t\t<div class=\"elementor-element elementor-element-46efd9c elementor-widget elementor-widget-text-editor\" data-id=\"46efd9c\" data-element_type=\"widget\" data-widget_type=\"text-editor.default\">\n\t\t\t\t\t\t\t\t\t<p class=\"p1\">En Centro M\u00e9dico Est\u00e9tico Lezkairu creemos que la confianza y el bienestar empiezan por las personas. Contamos con un equipo profesional y cercano, apasionado por la medicina est\u00e9tica y el cuidado integral de cada paciente.<\/p><p class=\"p1\">Cada una de nosotras aporta experiencia, dedicaci\u00f3n y un trato humano que convierte cada visita en una experiencia \u00fanica. Nuestro objetivo com\u00fan es ayudarte a sentirte bien, realzando tu belleza natural y acompa\u00f1\u00e1ndote en cada paso del proceso.<\/p>\t\t\t\t\t\t\t\t<\/div>\n\t\t\t\t<\/div>\n\t\t<div class=\"elementor-element elementor-element-8b5b3b6 e-con-full e-flex e-con e-child\" data-id=\"8b5b3b6\" data-element_type=\"container\">\n\t\t\t\t<div class=\"elementor-element elementor-element-652f382 elementor-widget__width-initial elementor-widget elementor-widget-image\" data-id=\"652f382\" data-element_type=\"widget\" data-widget_type=\"image.default\">\n\t\t\t\t\t\t\t\t\t\t\t\t\t\t\t<img decoding=\"async\" width=\"1365\" height=\"2048\" src=\"https:\/\/nervous-montalcini.217-154-19-132.plesk.page\/wp-content\/uploads\/2025\/09\/Clinica-Soto-10-1365x2048.jpg\" class=\"attachment-2048x2048 size-2048x2048 wp-image-373\" alt=\"\" srcset=\"https:\/\/nervous-montalcini.217-154-19-132.plesk.page\/wp-content\/uploads\/2025\/09\/Clinica-Soto-10-1365x2048.jpg 1365w, https:\/\/nervous-montalcini.217-154-19-132.plesk.page\/wp-content\/uploads\/2025\/09\/Clinica-Soto-10-200x300.jpg 200w, https:\/\/nervous-montalcini.217-154-19-132.plesk.page\/wp-content\/uploads\/2025\/09\/Clinica-Soto-10-683x1024.jpg 683w, https:\/\/nervous-montalcini.217-154-19-132.plesk.page\/wp-content\/uploads\/2025\/09\/Clinica-Soto-10-768x1152.jpg 768w, https:\/\/nervous-montalcini.217-154-19-132.plesk.page\/wp-content\/uploads\/2025\/09\/Clinica-Soto-10-1024x1536.jpg 1024w, https:\/\/nervous-montalcini.217-154-19-132.plesk.page\/wp-content\/uploads\/2025\/09\/Clinica-Soto-10-scaled.jpg 1707w\" sizes=\"(max-width: 1365px) 100vw, 1365px\" \/>\t\t\t\t\t\t\t\t\t\t\t\t\t\t\t<\/div>\n\t\t\t\t<\/div>\n\t\t\t\t\t<\/div>\n\t\t\t\t<\/div>\n\t\t\t\t<\/div>\n\t\t","protected":false},"excerpt":{"rendered":"<p>Desde la naturalidad y la elegancia Apostamos por la mejor versi\u00f3n de ti mismo MEDICINA EST\u00c9TICA AVANZADA EN PAMPLONA \u00abNuestra misi\u00f3n es cuidar de cada detalle para que tu experiencia en la cl\u00ednica sea un viaje de bienestar, belleza y autocuidado\u00bb ~ Katty &amp; Nawel ~ BELLEZA Y ARMON\u00cdA NATURAL QUE NACEN DE DENTRO En [&hellip;]<\/p>\n","protected":false},"author":1,"featured_media":0,"parent":0,"menu_order":0,"comment_status":"closed","ping_status":"closed","template":"elementor_header_footer","meta":{"footnotes":""},"class_list":["post-28","page","type-page","status-publish","hentry"],"_links":{"self":[{"href":"https:\/\/nervous-montalcini.217-154-19-132.plesk.page\/index.php?rest_route=\/wp\/v2\/pages\/28","targetHints":{"allow":["GET"]}}],"collection":[{"href":"https:\/\/nervous-montalcini.217-154-19-132.plesk.page\/index.php?rest_route=\/wp\/v2\/pages"}],"about":[{"href":"https:\/\/nervous-montalcini.217-154-19-132.plesk.page\/index.php?rest_route=\/wp\/v2\/types\/page"}],"author":[{"embeddable":true,"href":"https:\/\/nervous-montalcini.217-154-19-132.plesk.page\/index.php?rest_route=\/wp\/v2\/users\/1"}],"replies":[{"embeddable":true,"href":"https:\/\/nervous-montalcini.217-154-19-132.plesk.page\/index.php?rest_route=%2Fwp%2Fv2%2Fcomments&post=28"}],"version-history":[{"count":214,"href":"https:\/\/nervous-montalcini.217-154-19-132.plesk.page\/index.php?rest_route=\/wp\/v2\/pages\/28\/revisions"}],"predecessor-version":[{"id":1147,"href":"https:\/\/nervous-montalcini.217-154-19-132.plesk.page\/index.php?rest_route=\/wp\/v2\/pages\/28\/revisions\/1147"}],"wp:attachment":[{"href":"https:\/\/nervous-montalcini.217-154-19-132.plesk.page\/index.php?rest_route=%2Fwp%2Fv2%2Fmedia&parent=28"}],"curies":[{"name":"wp","href":"https:\/\/api.w.org\/{rel}","templated":true}]}}