{"id":1308,"date":"2025-09-15T09:41:57","date_gmt":"2025-09-15T09:41:57","guid":{"rendered":"https:\/\/nervous-montalcini.217-154-19-132.plesk.page\/?page_id=1308"},"modified":"2025-09-15T11:05:29","modified_gmt":"2025-09-15T11:05:29","slug":"radiofrecuencia-facial-y-corporal","status":"publish","type":"page","link":"https:\/\/nervous-montalcini.217-154-19-132.plesk.page\/?page_id=1308","title":{"rendered":"RADIOFRECUENCIA FACIAL Y CORPORAL"},"content":{"rendered":"\t\t<div data-elementor-type=\"wp-page\" data-elementor-id=\"1308\" class=\"elementor elementor-1308\" data-elementor-post-type=\"page\">\n\t\t\t\t<div class=\"elementor-element elementor-element-67727246 e-flex e-con-boxed e-con e-parent\" data-id=\"67727246\" data-element_type=\"container\" data-settings=\"{&quot;background_background&quot;:&quot;classic&quot;}\">\n\t\t\t\t\t<div class=\"e-con-inner\">\n\t\t\t\t<div class=\"elementor-element elementor-element-20453893 elementor-widget elementor-widget-text-editor\" data-id=\"20453893\" data-element_type=\"widget\" data-widget_type=\"text-editor.default\">\n\t\t\t\t\t\t\t\t\t<p>Radiofrecuencia facial y corporal<\/p>\t\t\t\t\t\t\t\t<\/div>\n\t\t\t\t\t<\/div>\n\t\t\t\t<\/div>\n\t\t<div class=\"elementor-element elementor-element-1201fd44 e-flex e-con-boxed e-con e-parent\" data-id=\"1201fd44\" data-element_type=\"container\" data-settings=\"{&quot;background_background&quot;:&quot;classic&quot;}\">\n\t\t\t\t\t<div class=\"e-con-inner\">\n\t\t\t\t<div class=\"elementor-element elementor-element-9019afb animated-slow elementor-widget__width-initial elementor-invisible elementor-widget elementor-widget-text-editor\" data-id=\"9019afb\" data-element_type=\"widget\" data-settings=\"{&quot;_animation&quot;:&quot;fadeInRight&quot;}\" data-widget_type=\"text-editor.default\">\n\t\t\t\t\t\t\t\t\t<p><strong><a class=\"mayus\">ROSTRO &#8211; CUERPO<\/a><\/strong><\/p>\t\t\t\t\t\t\t\t<\/div>\n\t\t\t\t\t<\/div>\n\t\t\t\t<\/div>\n\t\t<div class=\"elementor-element elementor-element-59a1f3c6 e-flex e-con-boxed e-con e-parent\" data-id=\"59a1f3c6\" data-element_type=\"container\">\n\t\t\t\t\t<div class=\"e-con-inner\">\n\t\t<div class=\"elementor-element elementor-element-6cff56fb e-con-full e-flex e-con e-child\" data-id=\"6cff56fb\" data-element_type=\"container\">\n\t\t\t\t<div class=\"elementor-element elementor-element-e8f87f5 elementor-widget elementor-widget-text-editor\" data-id=\"e8f87f5\" data-element_type=\"widget\" data-widget_type=\"text-editor.default\">\n\t\t\t\t\t\t\t\t\t<p>La radiofrecuencia facial y corporal es un tratamiento no invasivo que utiliza ondas electromagn\u00e9ticas para estimular el col\u00e1geno y la elastina, consiguiendo un efecto reafirmante y rejuvenecedor.<\/p>\t\t\t\t\t\t\t\t<\/div>\n\t\t\t\t<\/div>\n\t\t<div class=\"elementor-element elementor-element-13dd18aa e-con-full e-flex e-con e-child\" data-id=\"13dd18aa\" data-element_type=\"container\" data-settings=\"{&quot;background_background&quot;:&quot;classic&quot;}\">\n\t\t\t\t<div class=\"elementor-element elementor-element-3997508d elementor-widget elementor-widget-text-editor\" data-id=\"3997508d\" data-element_type=\"widget\" data-widget_type=\"text-editor.default\">\n\t\t\t\t\t\t\t\t\t<p class=\"p1\">Firmeza mejorada<\/p><p class=\"p1\">Col\u00e1geno estimulado<\/p><p class=\"p1\">Resultados progresivos<\/p><p class=\"p1\">Tratamiento indoloro<\/p>\t\t\t\t\t\t\t\t<\/div>\n\t\t\t\t<\/div>\n\t\t\t\t\t<\/div>\n\t\t\t\t<\/div>\n\t\t<div class=\"elementor-element elementor-element-4bd7edc5 e-flex e-con-boxed e-con e-parent\" data-id=\"4bd7edc5\" data-element_type=\"container\" data-settings=\"{&quot;background_background&quot;:&quot;classic&quot;}\">\n\t\t\t\t\t<div class=\"e-con-inner\">\n\t\t<div class=\"elementor-element elementor-element-78b4cbd0 e-con-full e-flex e-con e-child\" data-id=\"78b4cbd0\" data-element_type=\"container\">\n\t\t\t\t<div class=\"elementor-element elementor-element-39fe6547 elementor-widget elementor-widget-text-editor\" data-id=\"39fe6547\" data-element_type=\"widget\" data-widget_type=\"text-editor.default\">\n\t\t\t\t\t\t\t\t\t<p>En nuestra cl\u00ednica est\u00e9tica en Pamplona aplicamos radiofrecuencia tanto en rostro como en cuerpo para combatir la flacidez, mejorar la textura de la piel y reducir peque\u00f1as arrugas. Se trata de una t\u00e9cnica indolora, segura y con resultados progresivos, perfecta para quienes buscan una alternativa eficaz sin cirug\u00eda.<\/p>\t\t\t\t\t\t\t\t<\/div>\n\t\t<div class=\"elementor-element elementor-element-264343db e-con-full e-flex e-con e-child\" data-id=\"264343db\" data-element_type=\"container\">\n\t\t\t\t<div class=\"elementor-element elementor-element-2d487652 elementor-widget elementor-widget-button\" data-id=\"2d487652\" data-element_type=\"widget\" data-widget_type=\"button.default\">\n\t\t\t\t\t\t\t\t\t\t<a class=\"elementor-button elementor-button-link elementor-size-sm\" href=\"https:\/\/nervous-montalcini.217-154-19-132.plesk.page\/?page_id=468\">\n\t\t\t\t\t\t<span class=\"elementor-button-content-wrapper\">\n\t\t\t\t\t\t\t\t\t<span class=\"elementor-button-text\">CITA<\/span>\n\t\t\t\t\t<\/span>\n\t\t\t\t\t<\/a>\n\t\t\t\t\t\t\t\t<\/div>\n\t\t\t\t<div class=\"elementor-element elementor-element-3f564052 elementor-button-info elementor-widget elementor-widget-button\" data-id=\"3f564052\" data-element_type=\"widget\" data-widget_type=\"button.default\">\n\t\t\t\t\t\t\t\t\t\t<a class=\"elementor-button elementor-button-link elementor-size-sm\" href=\"tel:+34678105662\">\n\t\t\t\t\t\t<span class=\"elementor-button-content-wrapper\">\n\t\t\t\t\t\t\t\t\t<span class=\"elementor-button-text\">LLAMAR<\/span>\n\t\t\t\t\t<\/span>\n\t\t\t\t\t<\/a>\n\t\t\t\t\t\t\t\t<\/div>\n\t\t\t\t<\/div>\n\t\t\t\t<\/div>\n\t\t<div class=\"elementor-element elementor-element-2431d108 e-con-full e-flex e-con e-child\" data-id=\"2431d108\" data-element_type=\"container\">\n\t\t\t\t<div class=\"elementor-element elementor-element-7e2bfc96 elementor-widget elementor-widget-image\" data-id=\"7e2bfc96\" data-element_type=\"widget\" data-widget_type=\"image.default\">\n\t\t\t\t\t\t\t\t\t\t\t\t\t\t\t<img fetchpriority=\"high\" decoding=\"async\" width=\"2560\" height=\"2560\" src=\"https:\/\/nervous-montalcini.217-154-19-132.plesk.page\/wp-content\/uploads\/2025\/09\/girl-on-the-couch-at-the-beautician-2025-02-10-10-03-45-utc-scaled.jpg\" class=\"attachment-full size-full wp-image-448\" alt=\"\" srcset=\"https:\/\/nervous-montalcini.217-154-19-132.plesk.page\/wp-content\/uploads\/2025\/09\/girl-on-the-couch-at-the-beautician-2025-02-10-10-03-45-utc-scaled.jpg 2560w, https:\/\/nervous-montalcini.217-154-19-132.plesk.page\/wp-content\/uploads\/2025\/09\/girl-on-the-couch-at-the-beautician-2025-02-10-10-03-45-utc-300x300.jpg 300w, https:\/\/nervous-montalcini.217-154-19-132.plesk.page\/wp-content\/uploads\/2025\/09\/girl-on-the-couch-at-the-beautician-2025-02-10-10-03-45-utc-1024x1024.jpg 1024w, https:\/\/nervous-montalcini.217-154-19-132.plesk.page\/wp-content\/uploads\/2025\/09\/girl-on-the-couch-at-the-beautician-2025-02-10-10-03-45-utc-150x150.jpg 150w, https:\/\/nervous-montalcini.217-154-19-132.plesk.page\/wp-content\/uploads\/2025\/09\/girl-on-the-couch-at-the-beautician-2025-02-10-10-03-45-utc-768x768.jpg 768w, https:\/\/nervous-montalcini.217-154-19-132.plesk.page\/wp-content\/uploads\/2025\/09\/girl-on-the-couch-at-the-beautician-2025-02-10-10-03-45-utc-1536x1536.jpg 1536w, https:\/\/nervous-montalcini.217-154-19-132.plesk.page\/wp-content\/uploads\/2025\/09\/girl-on-the-couch-at-the-beautician-2025-02-10-10-03-45-utc-2048x2048.jpg 2048w\" sizes=\"(max-width: 2560px) 100vw, 2560px\" \/>\t\t\t\t\t\t\t\t\t\t\t\t\t\t\t<\/div>\n\t\t\t\t<\/div>\n\t\t\t\t\t<\/div>\n\t\t\t\t<\/div>\n\t\t\t\t<\/div>\n\t\t","protected":false},"excerpt":{"rendered":"<p>Radiofrecuencia facial y corporal ROSTRO &#8211; CUERPO La radiofrecuencia facial y corporal es un tratamiento no invasivo que utiliza ondas electromagn\u00e9ticas para estimular el col\u00e1geno y la elastina, consiguiendo un efecto reafirmante y rejuvenecedor. Firmeza mejorada Col\u00e1geno estimulado Resultados progresivos Tratamiento indoloro En nuestra cl\u00ednica est\u00e9tica en Pamplona aplicamos radiofrecuencia tanto en rostro como en [&hellip;]<\/p>\n","protected":false},"author":3,"featured_media":0,"parent":0,"menu_order":0,"comment_status":"closed","ping_status":"closed","template":"","meta":{"footnotes":""},"class_list":["post-1308","page","type-page","status-publish","hentry"],"_links":{"self":[{"href":"https:\/\/nervous-montalcini.217-154-19-132.plesk.page\/index.php?rest_route=\/wp\/v2\/pages\/1308","targetHints":{"allow":["GET"]}}],"collection":[{"href":"https:\/\/nervous-montalcini.217-154-19-132.plesk.page\/index.php?rest_route=\/wp\/v2\/pages"}],"about":[{"href":"https:\/\/nervous-montalcini.217-154-19-132.plesk.page\/index.php?rest_route=\/wp\/v2\/types\/page"}],"author":[{"embeddable":true,"href":"https:\/\/nervous-montalcini.217-154-19-132.plesk.page\/index.php?rest_route=\/wp\/v2\/users\/3"}],"replies":[{"embeddable":true,"href":"https:\/\/nervous-montalcini.217-154-19-132.plesk.page\/index.php?rest_route=%2Fwp%2Fv2%2Fcomments&post=1308"}],"version-history":[{"count":8,"href":"https:\/\/nervous-montalcini.217-154-19-132.plesk.page\/index.php?rest_route=\/wp\/v2\/pages\/1308\/revisions"}],"predecessor-version":[{"id":1517,"href":"https:\/\/nervous-montalcini.217-154-19-132.plesk.page\/index.php?rest_route=\/wp\/v2\/pages\/1308\/revisions\/1517"}],"wp:attachment":[{"href":"https:\/\/nervous-montalcini.217-154-19-132.plesk.page\/index.php?rest_route=%2Fwp%2Fv2%2Fmedia&parent=1308"}],"curies":[{"name":"wp","href":"https:\/\/api.w.org\/{rel}","templated":true}]}}

<div data-elementor-type="wp-page" data-elementor-id="1308" class="elementor elementor-1308" data-elementor-post-type="page">
				<div class="elementor-element elementor-element-67727246 e-flex e-con-boxed e-con e-parent" data-id="67727246" data-element_type="container" data-settings="{&quot;background_background&quot;:&quot;classic&quot;}">
					<div class="e-con-inner">
				<div class="elementor-element elementor-element-20453893 elementor-widget elementor-widget-text-editor" data-id="20453893" data-element_type="widget" data-widget_type="text-editor.default">
									<p>Radiofrecuencia facial y corporal</p>								</div>
					</div>
				</div>
		<div class="elementor-element elementor-element-1201fd44 e-flex e-con-boxed e-con e-parent" data-id="1201fd44" data-element_type="container" data-settings="{&quot;background_background&quot;:&quot;classic&quot;}">
					<div class="e-con-inner">
				<div class="elementor-element elementor-element-9019afb animated-slow elementor-widget__width-initial elementor-invisible elementor-widget elementor-widget-text-editor" data-id="9019afb" data-element_type="widget" data-settings="{&quot;_animation&quot;:&quot;fadeInRight&quot;}" data-widget_type="text-editor.default">
									<p><strong><a class="mayus">ROSTRO &#8211; CUERPO</a></strong></p>								</div>
					</div>
				</div>
		<div class="elementor-element elementor-element-59a1f3c6 e-flex e-con-boxed e-con e-parent" data-id="59a1f3c6" data-element_type="container">
					<div class="e-con-inner">
		<div class="elementor-element elementor-element-6cff56fb e-con-full e-flex e-con e-child" data-id="6cff56fb" data-element_type="container">
				<div class="elementor-element elementor-element-e8f87f5 elementor-widget elementor-widget-text-editor" data-id="e8f87f5" data-element_type="widget" data-widget_type="text-editor.default">
									<p>La radiofrecuencia facial y corporal es un tratamiento no invasivo que utiliza ondas electromagnéticas para estimular el colágeno y la elastina, consiguiendo un efecto reafirmante y rejuvenecedor.</p>								</div>
				</div>
		<div class="elementor-element elementor-element-13dd18aa e-con-full e-flex e-con e-child" data-id="13dd18aa" data-element_type="container" data-settings="{&quot;background_background&quot;:&quot;classic&quot;}">
				<div class="elementor-element elementor-element-3997508d elementor-widget elementor-widget-text-editor" data-id="3997508d" data-element_type="widget" data-widget_type="text-editor.default">
									<p class="p1">Firmeza mejorada</p><p class="p1">Colágeno estimulado</p><p class="p1">Resultados progresivos</p><p class="p1">Tratamiento indoloro</p>								</div>
				</div>
					</div>
				</div>
		<div class="elementor-element elementor-element-4bd7edc5 e-flex e-con-boxed e-con e-parent" data-id="4bd7edc5" data-element_type="container" data-settings="{&quot;background_background&quot;:&quot;classic&quot;}">
					<div class="e-con-inner">
		<div class="elementor-element elementor-element-78b4cbd0 e-con-full e-flex e-con e-child" data-id="78b4cbd0" data-element_type="container">
				<div class="elementor-element elementor-element-39fe6547 elementor-widget elementor-widget-text-editor" data-id="39fe6547" data-element_type="widget" data-widget_type="text-editor.default">
									<p>En nuestra clínica estética en Pamplona aplicamos radiofrecuencia tanto en rostro como en cuerpo para combatir la flacidez, mejorar la textura de la piel y reducir pequeñas arrugas. Se trata de una técnica indolora, segura y con resultados progresivos, perfecta para quienes buscan una alternativa eficaz sin cirugía.</p>								</div>
		<div class="elementor-element elementor-element-264343db e-con-full e-flex e-con e-child" data-id="264343db" data-element_type="container">
				<div class="elementor-element elementor-element-2d487652 elementor-widget elementor-widget-button" data-id="2d487652" data-element_type="widget" data-widget_type="button.default">
										<a class="elementor-button elementor-button-link elementor-size-sm" href="https://nervous-montalcini.217-154-19-132.plesk.page/?page_id=468">
						<span class="elementor-button-content-wrapper">
									<span class="elementor-button-text">CITA</span>
					</span>
					</a>
								</div>
				<div class="elementor-element elementor-element-3f564052 elementor-button-info elementor-widget elementor-widget-button" data-id="3f564052" data-element_type="widget" data-widget_type="button.default">
										<a class="elementor-button elementor-button-link elementor-size-sm" href="tel:+34678105662">
						<span class="elementor-button-content-wrapper">
									<span class="elementor-button-text">LLAMAR</span>
					</span>
					</a>
								</div>
				</div>
				</div>
		<div class="elementor-element elementor-element-2431d108 e-con-full e-flex e-con e-child" data-id="2431d108" data-element_type="container">
				<div class="elementor-element elementor-element-7e2bfc96 elementor-widget elementor-widget-image" data-id="7e2bfc96" data-element_type="widget" data-widget_type="image.default">
															<img fetchpriority="high" decoding="async" width="2560" height="2560" src="https://nervous-montalcini.217-154-19-132.plesk.page/wp-content/uploads/2025/09/girl-on-the-couch-at-the-beautician-2025-02-10-10-03-45-utc-scaled.jpg" class="attachment-full size-full wp-image-448" alt="" srcset="https://nervous-montalcini.217-154-19-132.plesk.page/wp-content/uploads/2025/09/girl-on-the-couch-at-the-beautician-2025-02-10-10-03-45-utc-scaled.jpg 2560w, https://nervous-montalcini.217-154-19-132.plesk.page/wp-content/uploads/2025/09/girl-on-the-couch-at-the-beautician-2025-02-10-10-03-45-utc-300x300.jpg 300w, https://nervous-montalcini.217-154-19-132.plesk.page/wp-content/uploads/2025/09/girl-on-the-couch-at-the-beautician-2025-02-10-10-03-45-utc-1024x1024.jpg 1024w, https://nervous-montalcini.217-154-19-132.plesk.page/wp-content/uploads/2025/09/girl-on-the-couch-at-the-beautician-2025-02-10-10-03-45-utc-150x150.jpg 150w, https://nervous-montalcini.217-154-19-132.plesk.page/wp-content/uploads/2025/09/girl-on-the-couch-at-the-beautician-2025-02-10-10-03-45-utc-768x768.jpg 768w, https://nervous-montalcini.217-154-19-132.plesk.page/wp-content/uploads/2025/09/girl-on-the-couch-at-the-beautician-2025-02-10-10-03-45-utc-1536x1536.jpg 1536w, https://nervous-montalcini.217-154-19-132.plesk.page/wp-content/uploads/2025/09/girl-on-the-couch-at-the-beautician-2025-02-10-10-03-45-utc-2048x2048.jpg 2048w" sizes="(max-width: 2560px) 100vw, 2560px" />															</div>
				</div>
					</div>
				</div>
				</div>

<p>Radiofrecuencia facial y corporal ROSTRO &#8211; CUERPO La radiofrecuencia facial y corporal es un tratamiento no invasivo que utiliza ondas electromagnéticas para estimular el colágeno y la elastina, consiguiendo un efecto reafirmante y rejuvenecedor. Firmeza mejorada Colágeno estimulado Resultados progresivos Tratamiento indoloro En nuestra clínica estética en Pamplona aplicamos radiofrecuencia tanto en rostro como en [&hellip;]</p>
